 Is (-260547)/(-91) + (-6)/n prime?
False
Let k(n) = -n**3 - 10*n**2 - 9*n + 4. Let h be k(-9). Suppose 0 = -h*d + 3 + 9. Suppose d*o = -4*c + c + 2421, 0 = -2*o + c + 1602. Is o a prime number?
False
Let d(i) = i**2 - 3*i - 3. Let g(t) = t**2 - 3*t - 4. Let o(f) = -4*d(f) + 3*g(f). Let h be o(5). Is 7393/15 - h/75 a prime number?
False
Let q(r) = r**3 - 8*r**2 - 10*r + 9. Let z be q(9). Let s(v) = -v + 287. Is s(z) a composite number?
True
Let l(f) = 18*f - 255. Let y be l(14). Is (y + (-7)/(-2))*222278/7 prime?
True
Let u(n) = 268864*n**2 - 480*n - 965. Is u(-2) a composite number?
True
Let x be 4 + 18 + (1 - 0) - 5. Is 473875/153 + (-4)/x a composite number?
True
Let v = 73959 - 30196. Is v a prime number?
False
Suppose -3*x - 1757 = -2*x. Suppose 10*v - 54432 = 64*v. Let h = v - x. Is h composite?
True
Suppose -g + 6 = -0*x - 3*x, -5*x = 10. Let q(f) = -f**3 - 2*f**2 + f + 1621. Let a be q(g). Suppose -h + a = 470. Is h a prime number?
True
Let s(n) = -472*n**3 + 26*n**2 + 50*n - 65. Is s(-8) prime?
True
Suppose 4*v + 1072 = s, -3*s = s. Is (-118)/(544/v + 2) prime?
False
Suppose -4*x + 130 = 114. Let l(h) = 3*h**3 - 2*h**2 + 15*h + 3. Is l(x) prime?
True
Suppose 2*b - 2*a = -0*a + 54306, -4*a = 5*b - 135801. Is b prime?
False
Suppose -2*p + 67482 = 2*l, 183*l - 178*l = 5*p + 168685. Is l a prime number?
True
Let y be (-906)/6*-1*1. Let f be y - -11 - (6 - (2 - 0)). Suppose 0 = 4*r + 3*b - 637, -f = -r - 0*b - b. Is r prime?
True
Let z(t) = t**3 + 4*t**2 - 3*t + 197. Is z(36) a composite number?
False
Let i be -1 + (1 - 5 - 1). Let w(p) = p + 1. Let x(y) = -20*y**2 + 10*y + 34. Let z(o) = 5*w(o) - x(o). Is z(i) composite?
True
Is (((-100)/(-600))/(3/36))/((-4)/(-433822)) a prime number?
True
Let g = 19834 - 16535. Is g a prime number?
True
Let p(o) be the third derivative of 43*o**5/20 - o**4/6 + 55*o**3/6 - 172*o**2. Is p(12) prime?
True
Let o be 3*(-3)/((-36)/8). Suppose 0 = 4*d - 2*d + 4, 5*s = -o*d + 21. Suppose -s*t + 3130 = 5*r, 2*t - 2530 = -5*r + 609. Is r prime?
False
Suppose 2*x + 278 = -4*k, 0 = 4*x + 1 + 3. Let s = 37 + k. Let n = s + 153. Is n a composite number?
True
Let g(s) = 345*s**2 + 14*s - 29. Suppose 17*t + 154 = 52. Is g(t) composite?
True
Let p = -700894 + 1002845. Is p prime?
False
Let u(s) be the first derivative of 105*s**2/2 + 2*s - 5. Let g(b) = b**2 + 5. Let v be g(0). Is u(v) a composite number?
True
Let f = 119616 + -53285. Is f a prime number?
False
Suppose -240 = 14*w - 4*w. Let l be (-368)/w + 4/6. Suppose l*j - 11*j = 13595. Is j composite?
False
Let w(r) be the first derivative of 14*r**3/3 - 3*r**2/2 + 26*r + 32. Is w(-15) composite?
False
Suppose k = -2*k + 5*b - 857, 4*k + b = -1158. Let p = k + 538. Suppose 8*m - 5*m = p. Is m a prime number?
True
Let a = 63 + -53. Suppose -5*v = -v + i - 29, 4*i = 5*v - a. Is v a prime number?
False
Let q(h) = h**3 + 3*h**2 + 14*h - 11. Let f be 1/2*-161*(-3 + 1). Let n = -152 + f. Is q(n) a prime number?
True
Let z be (1 + -1)/(-2 - -4) - -4. Suppose i = 5*i + 3*m - 25, 20 = 4*i + z*m. Suppose i*l - 272 = 2*l. Is l a composite number?
True
Suppose -30*v = -33 - 57. Suppose 38*l - 184135 = v*l. Is l a prime number?
True
Suppose 0 = 256*w - 88*w - 3568488. Is w a composite number?
True
Let b(d) = 164876*d**2 + 88*d - 87. Is b(1) composite?
True
Let g = 28547 - 1950. Is g prime?
True
Let y(p) = p**2 + 5*p + 13. Let x(z) = 16*z**2 + 5*z + 4. Let c be x(-1). Suppose -2*u - c = u. Is y(u) composite?
False
Let x(g) = 25*g + 3313. Suppose -3 = 5*y + f - 4, -4*y + 3*f = 3. Is x(y) a composite number?
False
Suppose -23192 = -3*y - f, y - 4*f = f + 7736. Suppose -4*t + y + 3129 = 0. Suppose 0 = 4*o - 4*r - 77 - t, -5*o + 3517 = 4*r. Is o a prime number?
True
Suppose -678165 = 30*w - 4151475. Is w a composite number?
False
Suppose -3*v + 8*w + 221745 = 10*w, -v + 4*w = -73901. Is v composite?
True
Let n = -4504 - -7485. Let q = 6975 - 6972. Suppose q*y + n = 8102. Is y a prime number?
False
Is ((-1191042)/(-4))/(112/32 - 2) composite?
True
Suppose 11*r - 3*a - 25201 = 6*r, 0 = -7*r - 5*a + 35263. Is r prime?
True
Suppose -54*m + 52*m = -14, 0 = -q - 3*m + 183194. Is q a composite number?
True
Let p(y) = -y**2 - 2*y + 3. Let k be p(1). Let m be 5 + (k + 3 - 6). Suppose -3090 - 4113 = -5*n + 2*u, -m*u = 8. Is n prime?
True
Suppose 1382*c - 1426*c + 3475912 = 0. Is c a composite number?
True
Let c(k) = 12118*k + 34. Let b be c(-2). Let f = -16971 - b. Is f prime?
False
Suppose 4*o - 67 = -5*c, 3*c - 2*c - 5*o = -4. Suppose 5*v + c = -2*j, 8*j = 9*j + 3*v + 7. Suppose -5*z + 11373 = -j*z. Is z prime?
False
Let p(i) = 145*i**2 - 22*i - 144. Is p(35) prime?
True
Suppose 10 = -4*y - 2*x, 0*y - y = x + 5. Let i be (-1 - (1 - y))*(1 - 3). Is (-6)/2 - i/(-4)*898 a prime number?
False
Let m(w) = -27*w - 6. Let y be m(6). Suppose 3*q - 2*l = 27, -66*q = -71*q - 3*l + 45. Let a = q - y. Is a a prime number?
False
Is (-300)/(-400) - 668139/(-12) composite?
True
Suppose 3*h - 14 = -2*l, -12*l = -10*l - 2*h - 34. Suppose 9 = -3*m, -5*m - 21024 = -l*o + 10*o. Is o composite?
True
Suppose g - 15278 = 5*j, -3*g + 7*j = 13*j - 45729. Is g a prime number?
False
Let t = -1304 - -913. Let a = t + 746. Is a prime?
False
Let n = -109 - -109. Suppose o + 3*s - 385 = n, 2*o + 0*o = 4*s + 810. Is o a prime number?
True
Let q = 86865 - -108998. Is q composite?
False
Suppose 0 = -6*t + 287727 + 19755. Is t prime?
False
Suppose 2*f - 249267 - 7097 = -2*d, 0 = -4*f - 2*d + 512730. Suppose 8*j = f - 32479. Is j prime?
False
Suppose 0 = -35*x + 20*x + 120. Suppose -3*j - j - 3*w = -4202, 4*w - x = 0. Is j composite?
False
Let w be (18/(-15))/(12/(-40)). Let i(a) = 22*a**2 - 2*a + 2. Is i(w) composite?
True
Let i be (2 + (-1595)/(-10))*14. Let j = 7 - 4. Suppose -6*k + j*k + 1697 = -2*y, -4*k = -y - i. Is k a composite number?
True
Let i(v) = -76*v - 2. Let n be i(4). Suppose -47422 = -43*g - 12549. Let q = g - n. Is q a prime number?
True
Suppose -h = -4*f + 157587, -8*h + 157545 = 4*f - 3*h. Is f a prime number?
False
Suppose 4*m + 4 = 0, -5*m + 16037 = 5*w - 30863. Suppose -142*t - w = -145*t. Is t composite?
True
Let o(l) be the first derivative of 13*l**3/3 - l**2 + 3*l - 131. Is o(16) prime?
True
Suppose -212*d + 207*d = 32075. Let p = -3816 - d. Is p composite?
True
Suppose 0 = -7*y + 99 + 167. Suppose 0 = 24*v - 23*v - y. Suppose -8*w + v + 434 = 0. Is w composite?
False
Suppose 0 = 4*c - 212447 - 107309. Is c prime?
True
Is ((-7 - 53342)/(-3))/1 composite?
False
Suppose -v + 2*u - 6*u = -25856, -3*v = 5*u - 77561. Let s = 3390 + v. Is s prime?
False
Let w(z) = 6734*z + 346. Let g be w(18). Suppose -g - 2877 = -5*c. Is c composite?
True
Let h(o) = -o**2 - 8*o + 2. Let g be h(-8). Let f be (-1335)/g*8/(-3). Is f/15 + (-3)/(-9) prime?
False
Suppose -7134108 = -26*x + 3415878 + 9060280. Is x a composite number?
False
Suppose -4*l + 0*l - 324 = -4*u, -3*u - 4*l = -257. Suppose -27 = 7*c - u. Is -2*2*(3 - 494/c) composite?
True
Suppose -2*i = 18 - 26. Suppose 2*l + 3*v = -5, -15 = 4*v + v. Suppose 2*m - m - 998 = -3*z, l*z = i*m + 642. Is z a prime number?
True
Is -55 + 61 + (-5 - -552840) composite?
False
Suppose 61*x - 122*x = 30*x - 79507337. Is x a prime number?
True
Let m = -357 + 379. Suppose -m*d = -2*d - 66860. Is d a prime number?
True
Let j(h) = 33*h**2 - 2*h - 5. Suppose 2*d = -2*d + 2*a - 174, 4*d = 5*a - 183. Let k = -44 - d. Is j(k) a composite number?
False
Let x = 478 + -163. Let c = 74 + 302. Suppose -v + c = -x. Is v prime?
True
Let q(x) = -68*x - 33. Let g be q(-18). Suppose g = -4*v + 4187. Is v a composite number?
True
Let y(q) = q + 72. Let z be y(0). Suppose 0*k + z = 6*k. Suppose -k*o + 14*o = 1874. Is o a prime number?
True
Let f be 113793/6 - (-5)/(-10). Suppose -23*v = -18*v - f. Is v a prime number?
True
Let i = -216 + 373. Suppose 164*t = i*t + 27223. Is t a composite number?
False
Let u(a) = 711*a - 6. Let x be u(12). Suppose s = -k + x, 0 = -2*k - 0*s - 4*s + 17062. Is k composite?
False
Suppose 7*j = 2*j + 2520. Suppose 88*y - 91*y - j = 0. Let f = y + 353. Is f composite?
True
Suppose y - 5 - 3 = 0. Let w(i) be the first derivative of 2*i**3/3 - 5*i**2/2 + 3*i - 165. Is w(y) composite?
True
Suppose 33167 + 62424 = 17*j. Is j composite?
False
Suppose -14*d + 4075 = -13*d.